{"id":1448,"date":"2019-02-24T21:06:47","date_gmt":"2019-02-24T20:06:47","guid":{"rendered":"https:\/\/dev.acjt.ca\/files\/commission-des-valeurs-mobilieres-nationale\/"},"modified":"2019-02-24T21:06:47","modified_gmt":"2019-02-24T20:06:47","slug":"commission-des-valeurs-mobilieres-nationale","status":"publish","type":"page","link":"https:\/\/acjt.ca\/en\/files\/commission-des-valeurs-mobilieres-nationale\/","title":{"rendered":"Commission des valeurs mobili\u00e8res nationale"},"content":{"rendered":"<p>(par ordre chronologique)<\/p>\n<ol>\n<li>Article\u00a0<a href=\"http:\/\/acjt.ca\/medias\/63\/article_amf_140211.pdf\">Autorit\u00e9 des march\u00e9s financiers, une valeur ajout\u00e9e pour le Qu\u00e9bec<\/a>, par Louis Morisset, PDG de l&#8217;AMF, publi\u00e9 dans\u00a0<em>La Presse\u00a0<\/em>le 11 f\u00e9vrier 2014.<\/li>\n<li>Article\u00a0<a href=\"http:\/\/acjt.ca\/medias\/63\/non_a_la%20_centralisation_rcgt_140203.pdf\">Non \u00e0 la centralisation<\/a>, par Emilio B. Imbriglio de Raymond Chabot Grant Thornton, publi\u00e9 dans\u00a0<em>La Presse\u00a0<\/em>le 3 f\u00e9vrier 2014.<\/li>\n<li><a href=\"http:\/\/www.finance-investissement.com\/nouvelles\/reglementation\/commission-unique-le-f-d-ral-laisserait-qu-bec-g-rer-la-langue-des-prospectus\/a\/54409\">Commission unique : le f\u00e9d\u00e9ral laisserait Qu\u00e9bec g\u00e9rer la langue des prospectus<\/a>, par Marie-Claude Frenette,\u00a0<em>Finance et Placement\u00a0<\/em>le 12 d\u00e9cembre 2013.<\/li>\n<li>Article\u00a0<a href=\"http:\/\/acjt.ca\/medias\/63\/tout_a_fait_inacceptable_131116.pdf\">Tout \u00e0 fait inacceptable<\/a>, par un collectif d&#8217;entrepreneurs et de dirigeants du Qu\u00e9bec, publi\u00e9 dans\u00a0<em>La Presse\u00a0<\/em>le 16 novembre 2013.<\/li>\n<\/ol>\n","protected":false},"excerpt":{"rendered":"<p>(par ordre chronologique) Article\u00a0Autorit\u00e9 des march\u00e9s financiers, une valeur ajout\u00e9e pour le Qu\u00e9bec, par Louis Morisset, PDG de l&#8217;AMF, publi\u00e9 dans\u00a0La Presse\u00a0le 11 f\u00e9vrier 2014. Article\u00a0Non \u00e0 la centralisation, par Emilio B. Imbriglio de Raymond Chabot Grant Thornton, publi\u00e9 dans\u00a0La Presse\u00a0le 3 f\u00e9vrier 2014. Commission&#8230;<\/p>\n","protected":false},"author":1,"featured_media":0,"parent":1439,"menu_order":0,"comment_status":"closed","ping_status":"closed","template":"","meta":{"footnotes":""},"class_list":["post-1448","page","type-page","status-publish","hentry"],"acf":[],"_links":{"self":[{"href":"https:\/\/acjt.ca\/en\/wp-json\/wp\/v2\/pages\/1448","targetHints":{"allow":["GET"]}}],"collection":[{"href":"https:\/\/acjt.ca\/en\/wp-json\/wp\/v2\/pages"}],"about":[{"href":"https:\/\/acjt.ca\/en\/wp-json\/wp\/v2\/types\/page"}],"author":[{"embeddable":true,"href":"https:\/\/acjt.ca\/en\/wp-json\/wp\/v2\/users\/1"}],"replies":[{"embeddable":true,"href":"https:\/\/acjt.ca\/en\/wp-json\/wp\/v2\/comments?post=1448"}],"version-history":[{"count":0,"href":"https:\/\/acjt.ca\/en\/wp-json\/wp\/v2\/pages\/1448\/revisions"}],"up":[{"embeddable":true,"href":"https:\/\/acjt.ca\/en\/wp-json\/wp\/v2\/pages\/1439"}],"wp:attachment":[{"href":"https:\/\/acjt.ca\/en\/wp-json\/wp\/v2\/media?parent=1448"}],"curies":[{"name":"wp","href":"https:\/\/api.w.org\/{rel}","templated":true}]}}

Commission des valeurs mobilières nationale

<p>(par ordre chronologique)</p>
<ol>
<li>Article <a href="http://acjt.ca/medias/63/article_amf_140211.pdf">Autorité des marchés financiers, une valeur ajoutée pour le Québec</a>, par Louis Morisset, PDG de l&#8217;AMF, publié dans <em>La Presse </em>le 11 février 2014.</li>
<li>Article <a href="http://acjt.ca/medias/63/non_a_la%20_centralisation_rcgt_140203.pdf">Non à la centralisation</a>, par Emilio B. Imbriglio de Raymond Chabot Grant Thornton, publié dans <em>La Presse </em>le 3 février 2014.</li>
<li><a href="http://www.finance-investissement.com/nouvelles/reglementation/commission-unique-le-f-d-ral-laisserait-qu-bec-g-rer-la-langue-des-prospectus/a/54409">Commission unique : le fédéral laisserait Québec gérer la langue des prospectus</a>, par Marie-Claude Frenette, <em>Finance et Placement </em>le 12 décembre 2013.</li>
<li>Article <a href="http://acjt.ca/medias/63/tout_a_fait_inacceptable_131116.pdf">Tout à fait inacceptable</a>, par un collectif d&#8217;entrepreneurs et de dirigeants du Québec, publié dans <em>La Presse </em>le 16 novembre 2013.</li>
</ol>

<p>(par ordre chronologique) Article Autorité des marchés financiers, une valeur ajoutée pour le Québec, par Louis Morisset, PDG de l&#8217;AMF, publié dans La Presse le 11 février 2014. Article Non à la centralisation, par Emilio B. Imbriglio de Raymond Chabot Grant Thornton, publié dans La Presse le 3 février 2014. Commission&#8230;</p>
