{"id":1447,"date":"2019-02-24T21:06:08","date_gmt":"2019-02-25T02:06:08","guid":{"rendered":"https:\/\/dev.acjt.ca\/files\/cisr\/"},"modified":"2021-06-01T09:40:17","modified_gmt":"2021-06-01T13:40:17","slug":"irb","status":"publish","type":"page","link":"https:\/\/acjt.ca\/en\/files\/irb\/","title":{"rendered":"IRB"},"content":{"rendered":"<ol>\n<li><a href=\"http:\/\/www.lapresse.ca\/actualites\/justice-et-affaires-criminelles\/201504\/09\/01-4859753-probleme-de-traduction-un-criminel-de-guerre-soupconne-accepte-au-canada.php\">Probl\u00e8me de traduction : un criminel de guerre soup\u00e7onn\u00e9 accept\u00e9 au Canada<\/a>, par Vincent Larouche,\u00a0<em>La Presse<\/em>, le 10 avril 2015.<\/li>\n<li><a href=\"http:\/\/www.lapresse.ca\/actualites\/national\/201403\/02\/01-4743981-justice-pour-les-francophones.php\">Justice pour les francophones<\/a>, par Jo\u00ebl-Denis Bellavance,\u00a0<em>La Presse<\/em>, le 3 mars 2014.<\/li>\n<li><a href=\"http:\/\/plus.lapresse.ca\/screens\/4fe9-a804-52dd9d64-b747-75afac1c606a%7CzxbsQ~FhTi69\">Le silence plut\u00f4t que le bilinguisme<\/a>, le 23 janvier 2014, par Louis Fortier.<\/li>\n<li>La ministre Diane De Courcy d\u00e9nonce la r\u00e9tention d&#8217;information et le boycottage du fran\u00e7ais.\u00a0<a href=\"http:\/\/acjt.ca\/medias\/63\/communique_quebec_traductionssar.pdf\">Lire le communiqu\u00e9 de presse<\/a>.<\/li>\n<li>Extrait de l&#8217;\u00e9mission\u00a0<em>Pas de midi sans info\u00a0<\/em>anim\u00e9e par Jacques Beauchamp diffus\u00e9e le 16 janvier 2014 sur les ondes de Radio-Canada premi\u00e8re.\u00a0<a href=\"http:\/\/bit.ly\/1ab5HDT\">\u00c9couter l&#8217;enregistrement en baladodiffusion<\/a>\u00a0(de 0:12:00 \u00e0 0:19:30).<\/li>\n<\/ol>\n","protected":false},"excerpt":{"rendered":"<p>Probl\u00e8me de traduction : un criminel de guerre soup\u00e7onn\u00e9 accept\u00e9 au Canada, par Vincent Larouche,\u00a0La Presse, le 10 avril 2015. Justice pour les francophones, par Jo\u00ebl-Denis Bellavance,\u00a0La Presse, le 3 mars 2014. Le silence plut\u00f4t que le bilinguisme, le 23 janvier 2014, par Louis Fortier&#8230;.<\/p>\n","protected":false},"author":1,"featured_media":0,"parent":1439,"menu_order":0,"comment_status":"closed","ping_status":"closed","template":"","meta":{"footnotes":""},"class_list":["post-1447","page","type-page","status-publish","hentry"],"acf":[],"_links":{"self":[{"href":"https:\/\/acjt.ca\/en\/wp-json\/wp\/v2\/pages\/1447","targetHints":{"allow":["GET"]}}],"collection":[{"href":"https:\/\/acjt.ca\/en\/wp-json\/wp\/v2\/pages"}],"about":[{"href":"https:\/\/acjt.ca\/en\/wp-json\/wp\/v2\/types\/page"}],"author":[{"embeddable":true,"href":"https:\/\/acjt.ca\/en\/wp-json\/wp\/v2\/users\/1"}],"replies":[{"embeddable":true,"href":"https:\/\/acjt.ca\/en\/wp-json\/wp\/v2\/comments?post=1447"}],"version-history":[{"count":1,"href":"https:\/\/acjt.ca\/en\/wp-json\/wp\/v2\/pages\/1447\/revisions"}],"predecessor-version":[{"id":1572,"href":"https:\/\/acjt.ca\/en\/wp-json\/wp\/v2\/pages\/1447\/revisions\/1572"}],"up":[{"embeddable":true,"href":"https:\/\/acjt.ca\/en\/wp-json\/wp\/v2\/pages\/1439"}],"wp:attachment":[{"href":"https:\/\/acjt.ca\/en\/wp-json\/wp\/v2\/media?parent=1447"}],"curies":[{"name":"wp","href":"https:\/\/api.w.org\/{rel}","templated":true}]}}

<ol>
<li><a href="http://www.lapresse.ca/actualites/justice-et-affaires-criminelles/201504/09/01-4859753-probleme-de-traduction-un-criminel-de-guerre-soupconne-accepte-au-canada.php">Problème de traduction : un criminel de guerre soupçonné accepté au Canada</a>, par Vincent Larouche, <em>La Presse</em>, le 10 avril 2015.</li>
<li><a href="http://www.lapresse.ca/actualites/national/201403/02/01-4743981-justice-pour-les-francophones.php">Justice pour les francophones</a>, par Joël-Denis Bellavance, <em>La Presse</em>, le 3 mars 2014.</li>
<li><a href="http://plus.lapresse.ca/screens/4fe9-a804-52dd9d64-b747-75afac1c606a%7CzxbsQ~FhTi69">Le silence plutôt que le bilinguisme</a>, le 23 janvier 2014, par Louis Fortier.</li>
<li>La ministre Diane De Courcy dénonce la rétention d&#8217;information et le boycottage du français. <a href="http://acjt.ca/medias/63/communique_quebec_traductionssar.pdf">Lire le communiqué de presse</a>.</li>
<li>Extrait de l&#8217;émission <em>Pas de midi sans info </em>animée par Jacques Beauchamp diffusée le 16 janvier 2014 sur les ondes de Radio-Canada première. <a href="http://bit.ly/1ab5HDT">Écouter l&#8217;enregistrement en baladodiffusion</a> (de 0:12:00 à 0:19:30).</li>
</ol>

<p>Problème de traduction : un criminel de guerre soupçonné accepté au Canada, par Vincent Larouche, La Presse, le 10 avril 2015. Justice pour les francophones, par Joël-Denis Bellavance, La Presse, le 3 mars 2014. Le silence plutôt que le bilinguisme, le 23 janvier 2014, par Louis Fortier&#8230;.</p>
