{"id":1419,"date":"2021-05-25T12:41:28","date_gmt":"2021-05-25T16:41:28","guid":{"rendered":"https:\/\/dev.acjt.ca\/?page_id=1419"},"modified":"2021-07-02T16:17:38","modified_gmt":"2021-07-02T20:17:38","slug":"honorary-members","status":"publish","type":"page","link":"https:\/\/acjt.ca\/en\/the-association\/honorary-members\/","title":{"rendered":"Honorary Members"},"content":{"rendered":"<p>[vc_row css_animation=&#8221;&#8221; row_type=&#8221;row&#8221; use_row_as_full_screen_section=&#8221;no&#8221; type=&#8221;full_width&#8221; angled_section=&#8221;no&#8221; text_align=&#8221;left&#8221; background_image_as_pattern=&#8221;without_pattern&#8221;][vc_column width=&#8221;1\/2&#8243;][vc_single_image image=&#8221;78&#8243; img_size=&#8221;large&#8221; qode_css_animation=&#8221;&#8221;][\/vc_column][vc_column width=&#8221;1\/2&#8243;][vc_column_text]<\/p>\n<h3>The Hon. Louise Mailhot is the ACJT-CALT\u2019s first honorary member.<\/h3>\n<p>A former justice of the Superior Court of Qu\u00e9bec (appointed in 1980), Louise Mailhot, AdE, is a associate counsel at Fasken Martineau DuMoulin, LLP. The Hon. Louise Mailhot is the first woman lawyer from the Barreau de Montr\u00e9al to be appointed as a justice of the Quebec Court of Appeal, a position she held from 1987 to 2006. She was Vice-President of the International Association of Judges (65 countries) from 1996 to 2005 (re-elected every two years) and, since 2005, she has been a representative of the International Association of Judges (IAJ) at the United Nations, in New York and Geneva.[\/vc_column_text][\/vc_column][\/vc_row][vc_row css_animation=&#8221;&#8221; row_type=&#8221;row&#8221; use_row_as_full_screen_section=&#8221;no&#8221; type=&#8221;full_width&#8221; angled_section=&#8221;no&#8221; text_align=&#8221;left&#8221; background_image_as_pattern=&#8221;without_pattern&#8221;][vc_column][vc_separator type=&#8221;normal&#8221;][vc_separator type=&#8221;normal&#8221;][\/vc_column][\/vc_row][vc_row css_animation=&#8221;&#8221; row_type=&#8221;row&#8221; use_row_as_full_screen_section=&#8221;no&#8221; type=&#8221;full_width&#8221; angled_section=&#8221;no&#8221; text_align=&#8221;left&#8221; background_image_as_pattern=&#8221;without_pattern&#8221;][vc_column width=&#8221;2\/3&#8243;][vc_column_text]<\/p>\n<h3>Professor Jean-Claude G\u00e9mar<\/h3>\n<p>A \u00a0translation scholar, translator and jurilinguist, <strong>Jean-Claude G\u00e9mar<\/strong> is professor emeritus at the University of Montreal, where he headed the Department of Linguistics and Translation (1992\u20131997). In the last few years of his active university career, he taught comparative law and translation at the University of Geneva, where he also holds the title of professor emeritus.<\/p>\n<p>A graduate of the Institut d\u2019\u00e9tudes politiques with a PhD in International Cooperation Law and a PhD in Literature, he is the author of some 200 publications including:<\/p>\n<ul>\n<li>G\u00c9MAR, Jean-Claude and VO, Ho-Thuy,\u00a0<em>Nouvelles difficult\u00e9s du langage du droit au Canada. Dits et maux de Th\u00e9mis<\/em>, Montr\u00e9al: Th\u00e9mis, 2016, 658 pp. + xxiii pp.<\/li>\n<li>G\u00c9MAR, Jean-Claude and WAGNER, Anne (eds), Legal Translation and Jurilinguistics: Globalizing Disciplines. Retrospects and Prospects, <em>International Journal for the Semiotics of Law<\/em>, Vol. 28(1), Springer, 2015, 234 pp.<\/li>\n<li>WAGNER, Anne and G\u00c9MAR, Jean-Claude (eds), Decision-Making in Translation, Interpretation, and Speech Act: Legal Semiotic Culture-Mediation Techniques, <em>Semiotica<\/em>, Vol. 201, No. 1-4, Berlin\/Boston: De Gruyter, 2014, 322 pp.<\/li>\n<li>WAGNER, Anne and G\u00c9MAR, Jean-Claude (eds), The Process of Translabiliting: Translating and Transferring Law, its Concepts, Notions and Language, <em>International Journal for the Semiotics of Law<\/em>, Vol.\u00a026(4), Springer, 2013, 239 pp.<\/li>\n<li>MATTILA, Heikki E. S. and G\u00c9MAR, Jean-Claude (responsible for the French text),<em>\u00a0Jurilinguistique compar\u00e9e : langage du droit, latin et langues modernes<\/em>, Cowansville, Quebec: \u00c9ditions Yvon Blais, 2012, 646 pp.<\/li>\n<li>BERRY, Edward and G\u00c9MAR, Jean-Claude,\u00a0<em>La r\u00e9daction des motifs<\/em>, Montr\u00e9al: Th\u00e9mis, 2010, 241 pp.<\/li>\n<li>G\u00c9MAR, Jean-Claude and KASIRER, Nicholas (eds),\u00a0<em>La jurilinguistique\u00a0: entre langues et droits. <\/em><em>Jurilinguistics: Between Law and Language<\/em>, Montr\u00e9al\/Brussels: Th\u00e9mis\/Bruylant, 2005, 596 pp. + xx\u00a0pp.<\/li>\n<li>G\u00c9MAR, Jean-Claude,\u00a0<em>Traduire ou l\u2019art d\u2019interpr\u00e9ter. Fonctions, statut et esth\u00e9tique de la traduction<\/em>, Vol. 1, Qu\u00e9bec: PUQ, 1995, 278 pp.<\/li>\n<li>G\u00c9MAR, Jean-Claude,\u00a0<em>Traduire ou l\u2019art d\u2019interpr\u00e9ter. Langue, droit et soci\u00e9t\u00e9 : \u00e9l\u00e9ments de jurilinguistique<\/em>, Vol. 2, Qu\u00e9bec: PUQ, 1995, 248\u00a0pp.<\/li>\n<li>G\u00c9MAR, Jean-Claude and jurilinguistics committee, <em>Dictionnaire de droit priv\u00e9<\/em>, Quebec Research Centre of Private and Comparative Law, McGill University, Montr\u00e9al, 1985, 213 pp.<\/li>\n<li>G\u00c9MAR, Jean-Claude,\u00a0<em>Les trois \u00e9tats de la politique linguistique du Qu\u00e9bec<\/em>, a study carried out for the Conseil de la langue fran\u00e7aise, Qu\u00e9bec: \u00c9diteur officiel du Qu\u00e9bec, 1983, 201 pp.<\/li>\n<li>G\u00c9MAR, Jean-Claude (ed), <em>Langage du droit et traduction. <\/em><em>Essais de jurilinguistique \/ The Language of the Law and Translation. Essays on Jurilinguistics<\/em>, Linguatech and Conseil de la langue fran\u00e7aise, Qu\u00e9bec: \u00c9diteur officiel du Qu\u00e9bec, 1982, 320 pp.<\/li>\n<\/ul>\n<p>Professor G\u00e9mar participates in the activities of several national and international centres and acts as a consultant and expert for various organizations.[\/vc_column_text][\/vc_column][vc_column width=&#8221;1\/3&#8243;][vc_single_image image=&#8221;756&#8243; qode_css_animation=&#8221;&#8221;][\/vc_column][\/vc_row]<\/p>\n","protected":false},"excerpt":{"rendered":"<p>[vc_row css_animation=&#8221;&#8221; row_type=&#8221;row&#8221; use_row_as_full_screen_section=&#8221;no&#8221; type=&#8221;full_width&#8221; angled_section=&#8221;no&#8221; text_align=&#8221;left&#8221; background_image_as_pattern=&#8221;without_pattern&#8221;][vc_column width=&#8221;1\/2&#8243;][vc_single_image image=&#8221;78&#8243; img_size=&#8221;large&#8221; qode_css_animation=&#8221;&#8221;][\/vc_column][vc_column width=&#8221;1\/2&#8243;][vc_column_text] The Hon. Louise Mailhot is the ACJT-CALT\u2019s first honorary member. A former justice of the Superior Court of Qu\u00e9bec (appointed in 1980), Louise Mailhot, AdE, is a associate counsel at Fasken Martineau&#8230;<\/p>\n","protected":false},"author":1,"featured_media":0,"parent":1416,"menu_order":0,"comment_status":"closed","ping_status":"closed","template":"","meta":{"footnotes":""},"class_list":["post-1419","page","type-page","status-publish","hentry"],"acf":[],"_links":{"self":[{"href":"https:\/\/acjt.ca\/en\/wp-json\/wp\/v2\/pages\/1419","targetHints":{"allow":["GET"]}}],"collection":[{"href":"https:\/\/acjt.ca\/en\/wp-json\/wp\/v2\/pages"}],"about":[{"href":"https:\/\/acjt.ca\/en\/wp-json\/wp\/v2\/types\/page"}],"author":[{"embeddable":true,"href":"https:\/\/acjt.ca\/en\/wp-json\/wp\/v2\/users\/1"}],"replies":[{"embeddable":true,"href":"https:\/\/acjt.ca\/en\/wp-json\/wp\/v2\/comments?post=1419"}],"version-history":[{"count":3,"href":"https:\/\/acjt.ca\/en\/wp-json\/wp\/v2\/pages\/1419\/revisions"}],"predecessor-version":[{"id":1597,"href":"https:\/\/acjt.ca\/en\/wp-json\/wp\/v2\/pages\/1419\/revisions\/1597"}],"up":[{"embeddable":true,"href":"https:\/\/acjt.ca\/en\/wp-json\/wp\/v2\/pages\/1416"}],"wp:attachment":[{"href":"https:\/\/acjt.ca\/en\/wp-json\/wp\/v2\/media?parent=1419"}],"curies":[{"name":"wp","href":"https:\/\/api.w.org\/{rel}","templated":true}]}}

<p>[vc_row css_animation=&#8221;&#8221; row_type=&#8221;row&#8221; use_row_as_full_screen_section=&#8221;no&#8221; type=&#8221;full_width&#8221; angled_section=&#8221;no&#8221; text_align=&#8221;left&#8221; background_image_as_pattern=&#8221;without_pattern&#8221;][vc_column width=&#8221;1/2&#8243;][vc_single_image image=&#8221;78&#8243; img_size=&#8221;large&#8221; qode_css_animation=&#8221;&#8221;][/vc_column][vc_column width=&#8221;1/2&#8243;][vc_column_text]</p>
<h3>The Hon. Louise Mailhot is the ACJT-CALT’s first honorary member.</h3>
<p>A former justice of the Superior Court of Québec (appointed in 1980), Louise Mailhot, AdE, is a associate counsel at Fasken Martineau DuMoulin, LLP. The Hon. Louise Mailhot is the first woman lawyer from the Barreau de Montréal to be appointed as a justice of the Quebec Court of Appeal, a position she held from 1987 to 2006. She was Vice-President of the International Association of Judges (65 countries) from 1996 to 2005 (re-elected every two years) and, since 2005, she has been a representative of the International Association of Judges (IAJ) at the United Nations, in New York and Geneva.[/vc_column_text][/vc_column][/vc_row][vc_row css_animation=&#8221;&#8221; row_type=&#8221;row&#8221; use_row_as_full_screen_section=&#8221;no&#8221; type=&#8221;full_width&#8221; angled_section=&#8221;no&#8221; text_align=&#8221;left&#8221; background_image_as_pattern=&#8221;without_pattern&#8221;][vc_column][vc_separator type=&#8221;normal&#8221;][vc_separator type=&#8221;normal&#8221;][/vc_column][/vc_row][vc_row css_animation=&#8221;&#8221; row_type=&#8221;row&#8221; use_row_as_full_screen_section=&#8221;no&#8221; type=&#8221;full_width&#8221; angled_section=&#8221;no&#8221; text_align=&#8221;left&#8221; background_image_as_pattern=&#8221;without_pattern&#8221;][vc_column width=&#8221;2/3&#8243;][vc_column_text]</p>
<h3>Professor Jean-Claude Gémar</h3>
<p>A  translation scholar, translator and jurilinguist, <strong>Jean-Claude Gémar</strong> is professor emeritus at the University of Montreal, where he headed the Department of Linguistics and Translation (1992–1997). In the last few years of his active university career, he taught comparative law and translation at the University of Geneva, where he also holds the title of professor emeritus.</p>
<p>A graduate of the Institut d’études politiques with a PhD in International Cooperation Law and a PhD in Literature, he is the author of some 200 publications including:</p>
<ul>
<li>GÉMAR, Jean-Claude and VO, Ho-Thuy, <em>Nouvelles difficultés du langage du droit au Canada. Dits et maux de Thémis</em>, Montréal: Thémis, 2016, 658 pp. + xxiii pp.</li>
<li>GÉMAR, Jean-Claude and WAGNER, Anne (eds), Legal Translation and Jurilinguistics: Globalizing Disciplines. Retrospects and Prospects, <em>International Journal for the Semiotics of Law</em>, Vol. 28(1), Springer, 2015, 234 pp.</li>
<li>WAGNER, Anne and GÉMAR, Jean-Claude (eds), Decision-Making in Translation, Interpretation, and Speech Act: Legal Semiotic Culture-Mediation Techniques, <em>Semiotica</em>, Vol. 201, No. 1-4, Berlin/Boston: De Gruyter, 2014, 322 pp.</li>
<li>WAGNER, Anne and GÉMAR, Jean-Claude (eds), The Process of Translabiliting: Translating and Transferring Law, its Concepts, Notions and Language, <em>International Journal for the Semiotics of Law</em>, Vol. 26(4), Springer, 2013, 239 pp.</li>
<li>MATTILA, Heikki E. S. and GÉMAR, Jean-Claude (responsible for the French text),<em> Jurilinguistique comparée : langage du droit, latin et langues modernes</em>, Cowansville, Quebec: Éditions Yvon Blais, 2012, 646 pp.</li>
<li>BERRY, Edward and GÉMAR, Jean-Claude, <em>La rédaction des motifs</em>, Montréal: Thémis, 2010, 241 pp.</li>
<li>GÉMAR, Jean-Claude and KASIRER, Nicholas (eds), <em>La jurilinguistique : entre langues et droits. </em><em>Jurilinguistics: Between Law and Language</em>, Montréal/Brussels: Thémis/Bruylant, 2005, 596 pp. + xx pp.</li>
<li>GÉMAR, Jean-Claude, <em>Traduire ou l’art d’interpréter. Fonctions, statut et esthétique de la traduction</em>, Vol. 1, Québec: PUQ, 1995, 278 pp.</li>
<li>GÉMAR, Jean-Claude, <em>Traduire ou l’art d’interpréter. Langue, droit et société : éléments de jurilinguistique</em>, Vol. 2, Québec: PUQ, 1995, 248 pp.</li>
<li>GÉMAR, Jean-Claude and jurilinguistics committee, <em>Dictionnaire de droit privé</em>, Quebec Research Centre of Private and Comparative Law, McGill University, Montréal, 1985, 213 pp.</li>
<li>GÉMAR, Jean-Claude, <em>Les trois états de la politique linguistique du Québec</em>, a study carried out for the Conseil de la langue française, Québec: Éditeur officiel du Québec, 1983, 201 pp.</li>
<li>GÉMAR, Jean-Claude (ed), <em>Langage du droit et traduction. </em><em>Essais de jurilinguistique / The Language of the Law and Translation. Essays on Jurilinguistics</em>, Linguatech and Conseil de la langue française, Québec: Éditeur officiel du Québec, 1982, 320 pp.</li>
</ul>
<p>Professor Gémar participates in the activities of several national and international centres and acts as a consultant and expert for various organizations.[/vc_column_text][/vc_column][vc_column width=&#8221;1/3&#8243;][vc_single_image image=&#8221;756&#8243; qode_css_animation=&#8221;&#8221;][/vc_column][/vc_row]</p>

<p>[vc_row css_animation=&#8221;&#8221; row_type=&#8221;row&#8221; use_row_as_full_screen_section=&#8221;no&#8221; type=&#8221;full_width&#8221; angled_section=&#8221;no&#8221; text_align=&#8221;left&#8221; background_image_as_pattern=&#8221;without_pattern&#8221;][vc_column width=&#8221;1/2&#8243;][vc_single_image image=&#8221;78&#8243; img_size=&#8221;large&#8221; qode_css_animation=&#8221;&#8221;][/vc_column][vc_column width=&#8221;1/2&#8243;][vc_column_text] The Hon. Louise Mailhot is the ACJT-CALT’s first honorary member. A former justice of the Superior Court of Québec (appointed in 1980), Louise Mailhot, AdE, is a associate counsel at Fasken Martineau&#8230;</p>
